9
Let a(z) = z**3 + 35*z**2 - 142*z - 1184. Give a(-38).
-120
Let j(n) = -123663*n**2 - 370983*n + 11. Give j(-3).
-7
Let u(y) = 801*y + 245181. Give u(-307).
-726
Let n(a) = -22525*a + 427982. Give n(19).
7
Let k(h) = 3175*h + 25284. Determine k(-8).
-116
Let m(h) = -h**2 - 101*h + 88312. Determine m(-352).
-40
Let b(f) = 19935*f + 558172. What is b(-28)?
-8
Let h(o) = 146284*o - 1462683. Determine h(10).
157
Let f(d) = -15010658*d + 120085265. What is f(8)?
1
Let o(a) = 3188025*a + 12752097. Determine o(-4).
-3
Let m(s) = -2*s**2 + 550*s - 26363. Give m(60).
-563
Let m(x) = 232*x + 1201. Determine m(-19).
-3207
Let c(d) = 2*d**3 - 34*d**2 - 304*d + 1837. Give c(22).
-11
Let k(j) = j**3 + 33*j**2 + 12*j - 627. Determine k(-31).
923
Let z(s) = s**2 - 148*s - 1096. Calculate z(-7).
-11
Let d(c) = 5693*c**2 - 341581*c + 53. Calculate d(60).
-7
Let t(f) = 375*f**3 + 15396*f**2 + 863*f + 89. Determine t(-41).
7
Let m(h) = 5*h**3 - 53*h**2 - 21*h + 213. What is m(11)?
224
Let g(u) = 6*u**3 + 19*u**2 - 4*u - 19. Give g(-4).
-83
Let z(k) = -2*k**2 + 1784*k + 12582. Determine z(-7).
-4
Let u(i) = -54*i + 865. Give u(10).
325
Let d(v) = 22*v**3 - 517*v**2 + 236*v + 316. Calculate d(23).
-75
Let b(f) = f**3 - 61*f**2 + 343*f - 285. Give b(5).
30
Let v(r) = 4*r**3 - 114*r**2 + 329*r + 523. Determine v(25).
-2
Let z(o) = 1068*o**2 + 92913*o - 168. What is z(-87)?
93
Let t(s) = 31*s**2 - 1734*s - 112. What is t(56)?
0
Let u(l) = -31506*l - 220488. What is u(-7)?
54
Let l(s) = 4*s**3 + 35*s**2 - 93*s - 436. Calculate l(-10).
-6
Let b(j) = -45*j**2 + 215*j - 54. Give b(6).
-384
Let i(v) = 46384*v - 9833403. What is i(212)?
5
Let z(a) = a**3 + 5*a**2 - 95*a + 379. Give z(4).
143
Let b(r) = -2*r**3 + 80*r**2 - 784*r + 120. What is b(16)?
-136
Let l(y) = -8*y**3 + 1838*y**2 + 438*y + 5060. Determine l(230).
0
Let t(o) = -74*o**3 + 2*o**2 + 12506*o - 25016. What is t(2)?
-588
Let d(q) = -2*q**3 + 19*q**2 - 36*q - 146. Give d(5).
-101
Let w(r) = -2832*r - 336928. Determine w(-119).
80
Let j(v) = -v**3 - 686*v**2 - 2842*v - 77753. Give j(-682).
-5
Let n(j) = -j**3 + 85*j**2 + 653*j + 13. Determine n(92).
841
Let k(f) = f**3 + 8*f**2 + 174*f + 2097. What is k(-11)?
-180
Let b(j) = 236*j + 54556. Calculate b(-230).
276
Let y(o) = -2*o**3 + 145*o**2 + 1372*o + 415. Determine y(81).
10
Let h(s) = 1716*s + 12627. What is h(-7)?
615
Let z(d) = -1001*d + 343309. Determine z(343).
-34
Let v(t) = t**2 - 590*t + 5523. Calculate v(10).
-277
Let c(i) = 117*i**2 + 12840*i - 290637. Give c(-129).
0
Let g(z) = -z**3 + 117*z**2 + 4*z - 74. What is g(117)?
394
Let s(p) = -2*p**2 + 35*p - 85. Calculate s(25).
-460
Let u(g) = -g**3 - 19*g**2 - 20*g + 274. Give u(-16).
-174
Let b(q) = -6048*q - 574566. Give b(-95).
-6
Let l(a) = 614*a + 2318. Give l(-4).
-138
Let t(q) = q**3 - 25*q**2 + 13*q - 1747. Determine t(23).
-2506
Let h(m) = -12*m**3 - m**2 - 266*m - 805. What is h(-3)?
308
Let h(w) = 2*w**2 - 279*w - 10006. What is h(-31)?
565
Let p(m) = m**3 - 580*m**2 + 17603*m - 36713. Determine p(548).
3
Let t(s) = s**3 + 53*s**2 - 146*s - 1093. Calculate t(-54).
3875
Let f(w) = 6*w**3 - 1128*w**2 - 10614*w - 4731. Give f(197).
-3
Let k(g) = -1719*g + 6809. Calculate k(4).
-67
Let f(j) = 118*j**2 + 5297*j - 602. Calculate f(-45).
-17
Let p(q) = -q**2 + 4868*q - 125890. Give p(26).
2
Let n(d) = -d**2 + 815*d + 64839. Give n(888).
15
Let x(w) = w**2 - 15732*w + 502379. Give x(32).
-21
Let v(q) = 681*q**2 + 46291*q - 1158. Calculate v(-68).
-2
Let v(n) = 103*n**2 + 46559*n + 1368. Determine v(-452).
12
Let m(j) = 9121*j + 556444. What is m(-61)?
63
Let g(y) = -114*y + 17095. Give g(150).
-5
Let k(t) = t**2 - 187*t + 3263. Determine k(18).
221
Let v(t) = 34411*t + 1995838. Calculate v(-58).
0
Let w(j) = j**3 - 146*j**2 + 1347*j + 17. Determine w(136).
-1751
Let u(j) = 7*j**2 + 354*j + 296. Give u(-49).
-243
Let l(f) = -13*f**2 - 279*f - 984. Calculate l(-22).
-1138
Let b(i) = -i**3 - 93*i**2 + 17*i - 257. Give b(0).
-257
Let i(d) = -d**2 - 568*d - 58264. Calculate i(-128).
-1944
Let f(v) = v**3 + 757*v**2 - 47263*v - 404. Determine f(58).
2
Let o(q) = -13*q**2 + 187*q - 668. Give o(9).
-38
Let m(f) = -14*f**3 - 137*f**2 - 254*f - 427. Determine m(-8).
5
Let d(f) = -4*f**2 - 352*f + 726. What is d(-89)?
370
Let j(u) = -u**3 - 13*u**2 - 212*u - 3647. Determine j(-15).
-17
Let h(g) = -10401*g - 1196119. What is h(-115)?
-4
Let v(n) = -4*n**3 + 4667*n**2 - 12792*n - 13937. Calculate v(1164).
31
Let g(f) = -185*f**2 + 8253*f + 114. What is g(45)?
-3126
Let o(l) = 2274*l + 1810157. What is o(-796)?
53
Let a(l) = -56*l**2 - 1253*l - 1705. Give a(-21).
-88
Let s(m) = 10*m**2 - 1086*m + 443. Calculate s(109).
879
Let j(c) = 16*c**3 + 6*c**2 + 351*c - 1436. Determine j(4).
1088
Let k(g) = 18*g**3 - 28*g**2 - 28*g - 99. Calculate k(3).
51
Let j(a) = -2*a**3 - 151*a**2 - 216*a + 177. Determine j(-74).
-267
Let b(n) = -n**3 - 12*n**2 - 2287*n - 20260. What is b(-9)?
80
Let v(x) = -x**3 - 5*x**2 + 27*x - 58. Calculate v(-9).
23
Let s(o) = 50280*o + 58425360. What is s(-1162)?
0
Let q(s) = s**3 - 6*s**2 - 1360*s + 42. Determine q(40).
42
Let b(d) = -d**2 + 29*d + 771. Calculate b(-23).
-425
Let m(f) = 2489*f - 72186. Give m(29).
-5
Let y(x) = -10010*x**2 - 50055*x - 30. Determine y(-5).
-5
Let i(t) = 5*t**3 + 56*t**2 - 464*t - 5228. Calculate i(-11).
-3
Let k(f) = -8783*f + 87848. Determine k(10).
18
Let a(i) = 128328*i - 1539925. Determine a(12).
11
Let r(j) = -153*j - 3567. Calculate r(-23).
-48
Let g(i) = -23559*i + 47165. What is g(2)?
47
Let b(y) = 3*y**2 - 936*y - 1995. What is b(317)?
2760
Let t(o) = 2*o**3 - 18*o**2 + 11*o + 369. Calculate t(8).
329
Let h(o) = -4761*o - 24. Calculate h(0).
-24
Let d(i) = 42*i**3 + 39062*i**2 + 1867*i + 6548. Determine d(-930).
38
Let h(u) = 2392*u - 13462. What is h(6)?
890
Let m(h) = 12*h**2 - 1586*h + 930. Give m(130).
-2450
Let f(u) = 2*u**3 - 39*u**2 + 373*u - 128. Give f(20).
7732
Let b(l) = -l**3 + 637*l**2 - 1302*l + 20331. Give b(635).
11
Let m(p) = -19*p**2 - 198*p - 1681. Determine m(-9).
-1438
Let p(k) = 417740*k - 417763. Determine p(1).
-23
Let l(h) = 2140*h - 12750. Give l(6).
90
Let d(s) = 8*s**2 + 1032*s - 60906. Give d(-173).
-10
Let u(v) = 2*v**2 + 23*v - 32328. Give u(-133).
-9
Let h(q) = 4*q**2 - 304*q - 3077. Give h(85).
-17
Let t(v) = 1756*v + 1631326. Give t(-929).
2
Let o(p) = -9*p**3 + 33*p**2 + 101*p - 4. Give o(-3).
233
Let w(x) = 9*x**2 - 1515633*x - 3031267. What is w(-2)?
35
Let y(n) = 71*n - 20622. Give y(290).
-32
Let x(z) = z**3 - 42*z**2 - 437*z - 1142. Give x(51).
-20
Let n(f) = f**3 - 16*f**2 + 463*f - 6326. Give n(14).
-236
Let s(d) = -27*d - 6. Calculate s(1).
-33
Let h(b) = -244*b + 32982. What is h(135)?
42
Let c(y) = 29337*y - 557429. What is c(19)?
-26
Let h(o) = -165*o + 4773. Calculate h(39).
-1662
Let y(r) = 628*r - 53484. What is y(85)?
-104
Let c(v) = 712*v - 289082. Give c(406).
-10
Let l(z) = z**3 - 11*z**2 - 7345*z - 78150. Calculate l(-11).
-17
Let o(s) = -s**3 - 39*s**2 - 165*s - 4528. Determine o(-38).
298
Let n(j) = j**3 + 63*j**2 + 8*j + 592. Give n(-63).
88
Let x(k) = -28*k**2 - 7400*k - 335010. Give x(-58).
-2
Let u(b) = -1962*b - 851366. Determine u(-434).
142
Let a(h) = 3*h**3 - 34*h**2 - 772*h + 8112. What is a(11)?
-501
Let p(q) = -21*q**3 - 161*q - 478. What is p(-3)?
572
Let o(w) = -7*w**2 + 2768*w + 19589. Give o(-7).
-130
Let y(v) = -2*v**3 - 86*v**2 + 177*v + 4. Give y(2).
-2
Let w(z) = z**2 - 69*z + 1654. Determine w(53).
806
Let q(c) = c**3 + 50*c**2 - 2*c - 100. What is q(-50)?
0
Let i(b) = b**3 - 339*b - 2400. Determine i(-10).
-10
Let t(x) = 3*x**2 + 704*x - 11702. Give t(-250).
-202
Let c(o) = 3*o**3 + 187*o**2 - 3670*o - 314. Determine c(-78).
-2
Let j(p) = -8*p**2 + 316*p - 2895. Determine j(23).
141
Let h(f) = -6*f**2 + 1852*f - 3205. Give h(307).
-135
Let m(h) = 134384*h + 403120. Give m(-3).
-32
Let x(s) = 4*s**2 - 274*s + 2433. Determine x(58).
-3
Let i(c) = 18772*c - 188507. Give i(10).
-787
Let a(c) = c**3 - 264*c**2 - 133117*c - 1566. Determine a(520).
-6
Let s(c) = 247*c + 24077. Determine s(-97).
118
Let o(t) = 2*t**3 + 344*t**2 + 2919*t - 9. Give o(-9).
126
Let f(p) = -409*p**2 - 21668*p + 495. Determine f(-53).
18
Let i(a) = -92*a + 9145. Determine i(95).
405
Let b(k) = -230*k